. Let h be d(a). What is u(h)?
1
Let b(g) be the third derivative of g**6/120 - g**5/15 - 5*g**4/12 - 7*g**3/6 - 25*g**2. Let u be b(6). Let i(q) = -q. What is i(u)?
-5
Suppose -4*o + 6*o - h = 69, 0 = -2*h + 2. Suppose 6*d + o + 7 = 0. Let c(s) = -s**2 - 7*s + 1. Determine c(d).
1
Let l(u) = -4*u**2 - 3*u + 3. Let t be (4/4)/(4/8). Let n(f) = -f**2 - f + 1. Let v(q) = t*l(q) - 9*n(q). Suppose 5*j + 2 + 18 = 0. Calculate v(j).
1
Let v(o) = o**3 + 3*o**2 + 4*o + 4. Let p(n) = 2*n**2 + n. Let j(r) = -2*p(r) - v(r). Calculate j(-6).
-4
Let k = -9 - -26. Let u = k + -16. Let w(b) = 2*b**2 + 5 + 2*b**3 - 5 - 3*b**2 + b. Calculate w(u).
2
Let h(r) = r - 1. Let w(d) = -d**3 + 8*d**2 - 7*d + 4. Let g be w(7). Suppose 4*f + 3*k - 9 = 0, g*k + 3 = k. Determine h(f).
2
Let n = -170 - -177. Let a(v) = 2*v - 5. Give a(n).
9
Let f(j) = -7 - 2 + j**3 + 9 - 7*j**2 - j + 3*j**2. Let s(i) = i**3 + 3*i**2 + i + 2. Let k be s(-2). Determine f(k).
-4
Let i(l) = l**3 - 14*l**2 - 31*l - 16. Let v(f) = f**3 - 14*f**2 - 31*f - 17. Let c(p) = 4*i(p) - 5*v(p). Let s be c(16). Let t(q) = -q + 10. Determine t(s).
5
Suppose t + 0*t - 9 = u, 2*t = -3*u - 2. Let q(f) = f**2 + 2*f + 3. Let i be q(-2). Let o(c) = -5*c**2 - c + c**i + 4 + c. Give o(t).
4
Suppose -3*y = -y - 4. Let a(o) = -o + 11*o**3 - 4*o**2 - y*o - 12*o**3. Let h(k) = k**3 + k**2 - 2*k - 2. Let u be h(-2). Calculate a(u).
-2
Suppose 7 + 25 = -2*y. Let q = -10 - y. Suppose 8*h - q*h = -12. Let d(p) = -p**3 - 5*p**2 + 10*p + 8. Give d(h).
-16
Let p(a) = -a**2 - 7*a. Let j be (1 - 15)*(-56)/(-16). Let m = j + 44. Calculate p(m).
10
Let r(y) = -2*y**2 - y + 1. Let l(p) = -11*p**2 + 21*p - 21. Let g(t) = l(t) - 5*r(t). Calculate g(25).
-1
Let p(v) be the third derivative of v**6/120 - 7*v**5/60 + v**4/4 + 7*v**3/6 + 6*v**2 - 8. Determine p(5).
-13
Suppose 5*i - m - 18 = -0*m, -i = 5*m + 12. Let j(x) = -x**2 - 4*x. Let z(b) = -b**2 - 5*b + 1. Let h(v) = i*z(v) - 4*j(v). Calculate h(0).
3
Let q = -171 + 171. Let m(x) = 2*x + 11. Calculate m(q).
11
Let n(c) = c**3 - 7*c**2 + 7*c + 6. Let f = 18 - 3. Suppose 3*i - f = 3. Give n(i).
12
Let t(j) = -3*j + 5. Let y be t(2). Let b be (-2)/1 + 3 + y. Let w(d) = d + 5 - 5 + 1. Determine w(b).
1
Let d(q) = 7*q + 5. Suppose 2 = 2*u - 2*b - 0, 5*b - 30 = -2*u. What is d(u)?
40
Suppose -3*p = -2*d + 1, 5*p = 8*p - 5*d + 7. Let k(s) = -8*s**2 + 2*s. Calculate k(p).
-6
Let f(j) = -j**2 + 6*j - 14. Suppose 0 = -5*y + 3*m - 4 + 15, 3*y - 15 = -m. Determine f(y).
-6
Let d(a) = -a**3 + 6*a**2 - 4*a + 2. Suppose -4*u - 3*s + s = -10, 5*s - 5 = 0. Suppose -5*l - 5*n = -l - 38, 2*l - 18 = -u*n. Let q = -2 + l. Calculate d(q).
7
Let n(x) = 4*x**2 + x - 4. Let l(j) = 8*j**2 + j - 7. Let h(r) = 4*l(r) - 7*n(r). Let y be h(1). Let b(d) = 18*d + 1. Give b(y).
19
Suppose -u - 9 = -5. Let o(x) = -x**3 - 4*x**2 - 4. Let n be o(u). Let y(s) = 4 + 5*s - 4*s + 3*s. Give y(n).
-12
Let z(b) = b**2 - 1. Let f = 405 + -412. What is z(f)?
48
Suppose -33*h + 200 = 101. Let v(y) = -y**3 + 8*y**2 - 7*y. Let l(b) = b**3 - 7*b**2 + 6*b + 1. Let u(t) = -4*l(t) - 3*v(t). Determine u(h).
-4
Let g(v) = v**2 - 9*v - 6. Let p = 8 - -1. Let l be g(p). Let z(d) be the first derivative of -d**3/3 - 7*d**2/2 + 24. Calculate z(l).
6
Let p(u) = -8*u - 8*u + 10*u + 7*u + 1. Give p(5).
6
Let m(u) = u - 3. Let q be (-4)/14 - 504/(-49). Give m(q).
7
Let t(o) = o**2 - 41. Let n(z) = -2*z + 52. Let v be n(29). Determine t(v).
-5
Let n(j) = -j + 2. Let t(y) = y**2 + 10*y - 7. Let i be t(-11). Suppose 0 = a + a - i. Calculate n(a).
0
Suppose 21 = 3*k + 3*i, 4*k + 5*i = 6 + 26. Suppose 8 = 5*d - 6*c + 2*c, 0 = -4*c - 8. Let p(f) = -1 + d*f + 0*f**2 + k*f + f**2 - f. What is p(1)?
2
Let r(b) be the first derivative of b**3/3 - 3*b**2/2 - b - 42. What is r(-2)?
9
Let p = -25 - -25. Let f(x) = x**3 + x**2. Let a be f(p). Let i(u) = u + 22. Give i(a).
22
Let h(i) = i - 4. Let l be 3/(-1 - (-5 + 42/12)). Determine h(l).
2
Suppose m + h = -10, 4*m + 3*h - 6*h = -54. Let w(p) = 2*p**2 + 23*p - 6. Let t be w(m). Let n(a) = -4 - 6*a**2 + 3*a**2 + 8*a + 2*a**2. Determine n(t).
8
Let y = 31 - 28. Let f(c) = 551*c**y - 550*c**3 + c + 8*c**2 + 7*c. Calculate f(-7).
-7
Let i be ((-38)/10 - -4) + (648/15)/9. Let m(a) = -a**2 - a**2 - 1 + 5*a + a**2. Calculate m(i).
-1
Let f be (156/(-81) - 10/135)*-2. Let r(c) = -2*c**2 + c + 3. Give r(f).
-25
Let q(v) = -v**3 - v**2 + v - 1. Let m = -3 - 3. Let h(y) = 7*y**3 + 5*y**2 - 7*y + 5. Let b(i) = m*q(i) - h(i). Let t be (-10 - -7)*(-4)/6. Give b(t).
-1
Let v(j) be the third derivative of j**5/30 + j**4/4 + j**3 + 19*j**2 - 1. Determine v(-5).
26
Suppose -2*o = 3*v + 11, 3*v - 4*o = -o + 9. Let x(t) = -3*t**3 - t**2 - 3*t - 2. What is x(v)?
3
Let p = 16 + -12. Let c be 10/3 - p/12. Suppose -3 - 3 = -c*y. Let g(d) = -d**3 - d**2 + 3*d - 2. Determine g(y).
-8
Let j be (24/20)/((-2)/(-10)). Let m(r) = j*r + 0 - r**2 - 5 + 8. What is m(5)?
8
Let g(u) = -4*u - 628 + 1251 - 621 + u**2. Calculate g(5).
7
Let w(t) = t**2 + 7*t - 6. Let r be w(-8). Let q(o) = -3 + 4*o**r - 4*o**2 + 0 - o**2 + 4*o. Let b be (-1)/4*2*-10. What is q(b)?
-8
Let p be (-15 - -8 - -23) + 4 + -10. Let s(c) = c**3 - 9*c**2 - 11*c + 19. Give s(p).
9
Let t(u) = u**3 - 9*u**2 + 9*u - 6. Let r be t(8). Suppose 0 = 3*d + m - 8, -r*d + 9 = -3*m - 0*m. Let q(w) = 3*w - 4*w + 1 + w + d*w. Determine q(-3).
-8
Let k(n) be the first derivative of -20*n**3/3 + n**2/2 - n - 190. Calculate k(1).
-20
Suppose -3*h + 0*h + 12 = u, 3*h = u. Let x(k) = -k**3 + 8*k**2 - 11*k - 3. Calculate x(u).
3
Suppose 0*y = 4*y - 12. Suppose i = y*c + 5, 5*i + 2*c - 4 = 2*i. Let v(l) = 2*l - 2 - 4*l - 7*l**2 + 8*l**i + 1. Calculate v(4).
7
Let t(m) be the second derivative of -1/3*m**3 + 1/20*m**5 - 31*m + 1/3*m**4 + 5/2*m**2 + 0. What is t(-4)?
13
Suppose 8 = 2*j - 10*l + 11*l, -l = -4*j + 10. Let f(a) = -a**2 + 0 - 2*a**2 + 4*a - 1. Give f(j).
-16
Let s(b) = 21 + 26 + 9 + 12*b - 15. What is s(-4)?
-7
Let h(j) = j**3 + 7*j**2 - 2*j + 1. Let z(s) = -2*s**3 - 15*s**2 + 2*s - 1. Let y(u) = 5*h(u) + 2*z(u). Determine y(-6).
3
Let n = -477 + 485. Let g(p) = 2*p - 16. What is g(n)?
0
Let a(o) = 3*o + 2. Let n be a(-4). Let m(z) = -4*z - 13. Calculate m(n).
27
Suppose 386 = 2*m - 4*b, -5*m + 1242 - 312 = -3*b. Let j(y) = m - 94 + y - 87. Give j(-4).
-2
Let q(u) = 3 + 5 + 343*u - 2 - 3 - 340*u. Calculate q(6).
21
Let g(z) = 2*z**3 + 9*z**2 - 2*z - 4. Let b(t) = -3*t**3 - 17*t**2 + 4*t + 6. Let r(y) = 3*b(y) + 5*g(y). Calculate r(6).
10
Let i be 0/(-1*(2 - 3)). Let v(s) be the first derivative of -7*s + 0*s**2 - 1/3*s**3 + 10. Give v(i).
-7
Let u(g) = -97 + 8*g - g**2 + 40 + 47. Let z be (2 - (-25)/(-10))*(-1 + -13). Determine u(z).
-3
Let p = 821 + -823. Let t(y) = y**3 - 3*y**2 - 3*y - 2. What is t(p)?
-16
Let d(q) = -22*q - 17*q + 38*q - 6 - 1. Give d(11).
-18
Let g(c) = 2*c**2 - 37*c - 18. Let y be g(19). Let r(u) = -3*u - 1. Determine r(y).
-4
Let p = 264 + -269. Let d(n) = 3*n + 8. Give d(p).
-7
Let k(t) = 12 + 13*t - 12 - 12*t - 8. Let p = 15 + -9. Determine k(p).
-2
Let w(o) = 4*o - 1. Let h(z) = -6*z + 2. Let i(t) = h(t) + 2*w(t). Calculate i(2).
4
Let c(l) be the second derivative of -l**4/12 + 4*l**3/3 - l**2 - l. Let u be -2 + -4 + 19 + -6. Calculate c(u).
5
Let n be (4/6)/(3/9). Let p(i) be the first derivative of -4 + i - 1/2*i**n. Calculate p(4).
-3
Let d(i) = i**3 + 26*i**2 + 27*i + 53. Let g be d(-25). Suppose -5*f = -3*s - 1, 5*f + 0*f = s + 7. Let z = g + f. Let y(r) = -r**2 + 3*r + 4. Give y(z).
-6
Suppose 0 = -2*r - v - 7 + 3, 3*r + v + 4 = 0. Let u = 4 - r. Let d(h) be the third derivative of h**5/60 - h**4/8 - h**3/3 - 6*h**2 - 9. Give d(u).
2
Let p(f) = -f**3 + 5*f**3 + f + 107*f**2 - 3*f**3 - 17 - 123*f**2. Determine p(16).
-1
Suppose -2*v - 8 = 12. Let s(b) = -b**3 - 7*b**2 + 31*b + 4. Let o be s(v). Let t(f) = -f - 7. Calculate t(o).
-1
Let c(r) = -r**3 + 4*r**2 - 4*r + 2. Let k be 1*(12/4 - -2). Suppose -2*o + k*g = 2*o - 7, o - g - 2 = 0. Determine c(o).
-1
Let o(f) = f**3 + f**2 + f - 1. Let i(l) = -l**2 + 4. Let b(k) = i(k) + o(k). Let s(r) = r**3 + 26*r**2 + 30*r + 125. Let g be s(-25). Determine b(g).
3
Let o(i) = -i**3 + 5*i**2 + i - 6. Let l be o(3). Let h(x) = x**2 - 15*x + 2. Calculate h(l).
2
Let t(s) = -s**3 + 15*s**2 - 13*s - 17. L